 + (5 - (-2 - -6))?
6
Calculate 2 - (1 - (6 + -12)).
-5
Evaluate 1 - (-4 - -8 - 5).
2
Calculate (1 - -1) + -1 + -3.
-2
What is the value of -4 - (-3 - (0 + -5))?
-6
Calculate -10 + (-14 - -19 - 2).
-7
What is (3 - 4) + 0 + 0 + 2?
1
12 + (8 - 16) + 2 + -8
-2
Evaluate 6 + (-20 - -5) + 6.
-3
What is 3 + -1 + -3 + 1?
0
Calculate (-1 - 3) + (-9 - -9).
-4
Evaluate -6 + (-4 - (7 + -22)).
5
6 - 15 - (3 + 4 + -13)
-3
What is the value of -3 - (0 + -3 - -3)?
-3
What is (14 - 1) + -5 - 3?
5
7 + (5 + 0 - -1) + -4
9
What is 2 - (-5 - (-5 + -2)) - 2?
-2
Evaluate 0 + -1 + (6 - (-7 - -17)).
-5
Evaluate 19 + -20 + (-3 - 0).
-4
What is 1 + -2 + (61 - 51)?
9
-5 - (-7 - (-1 - (-2 - -4)))
-1
0 + -1 + (-4 - -3)
-2
Calculate -3 - ((3 - -1) + -2 - 6).
1
Calculate -1 + -4 + 2 - -1.
-2
Calculate 3 + (5 - (6 - 0)).
2
Calculate -2 + -4 + -12 + 21.
3
Calculate 0 + -6 - (134 + -131).
-9
Evaluate (-14 - -26) + -13 + 1 + 6.
6
Calculate 8 - (7 + -4) - 3.
2
Calculate -10 + (-5 - (-6 + 6 + -11)).
-4
What is -9 + 5 + -7 + 16?
5
Calculate -7 - (-4 - -8 - 7).
-4
What is -2 + (-1 - -1) + -5 + 2?
-5
What is the value of (-8 - -7) + -14 - -23?
8
What is the value of 1 + -3 + 5 + -1 + -7?
-5
-4 + 3 + -1 + (3 - 4)
-3
Calculate 3 - -1 - 1 - (5 + -1).
-1
(4 - 7) + -1 + 6
2
What is the value of (12 - (15 + 0)) + -3?
-6
Evaluate (-2 - 4) + 12 + -8.
-2
Evaluate 1 + 6 + -3 + 1 + 0.
5
Calculate -1 - 1 - (-4 - 7) - 4.
5
Evaluate 4 - (-5 - (-2 - -2 - 3)).
6
What is -8 - 1 - (10 - (35 + -19))?
-3
What is the value of 4 - 8 - (-1 + 3 - 0)?
-6
-8 + -1 - (-16 - (-5 - 6))
-4
Calculate 1 - (3 - (12 - (9 - 3))).
4
Calculate (-2 - -10) + -5 + -5.
-2
What is (0 - 0) + 3 + -2?
1
What is -1 - (-2 + (-5 - -5) - 0)?
1
What is the value of (-1 - (-3 + -1)) + 2 - 0?
5
What is the value of 2 + (0 - -2) + 1 - 4?
1
Evaluate (-9 - (3 - 13)) + 3 + -3.
1
What is the value of -1 + 4 + -7 + (6 - 3)?
-1
What is 2 + 0 - (-1 - -2)?
1
Evaluate (3 - 1) + -4 + 2 - 3.
-3
(1 - 3) + -1 + 3 + 5
5
Calculate 4 + (0 - 1) + -5 + 1.
-1
Calculate -89 + 95 - (-1 - -7).
0
What is the value of (-2 - (2 - 2)) + (-1 - 1)?
-4
What is 3 + (-3 - 1 - -4) + -2?
1
(9 - 6) + 3 + 2 - -1
9
What is the value of 4 + (-5 - -8 - (10 - 1))?
-2
1 + -6 + 5 + (-2 - -3)
1
1 + -3 + -4 + 12 + 0
6
What is (-19 - -13 - -14) + (-5 - -1)?
4
Evaluate 4 + -7 + -3 + 2 + -1.
-5
What is the value of -7 + 7 + -4 - -9?
5
Calculate -2 + 5 - (-1 + 0).
4
Calculate -3 - (3 - (13 - 4)).
3
What is the value of (2 - (0 - 0)) + 2?
4
What is the value of 5 + (8 - (-12 + 26))?
-1
What is the value of (9 - 5) + (-4 - 1)?
-1
Calculate 2 - 1 - (1 + -3 + 5).
-2
10 + -5 + 2 + -2
5
-3 + 2 + -6 - -14
7
-5 + 5 + 0 + 1
1
(1 - 3) + 1 + -1
-2
-1 + -3 - -11 - 14
-7
Calculate (2 - -1) + -9 - 2.
-8
Calculate 9 - (2 - (4 + -9 + 2)).
4
Evaluate -8 + 1 - (11 + (-4 - 12)).
-2
What is the value of 4 - 5 - (-9 - -6)?
2
What is the value of -2 + -1 + 7 + 0?
4
What is 3 - 2 - -4 - (-1 + 4)?
2
What is 42 + -31 + (-1 - 10)?
0
What is the value of (-6 - -5) + -2 + 7?
4
What is (-1 - (-6 - -3)) + -7 + 4?
-1
Evaluate 8 - 10 - (1 - -1).
-4
Evaluate 1 + -6 - 1 - -4.
-2
Evaluate (3 - (6 + -4)) + -4.
-3
Calculate -7 + 23 - 5 - (0 - -2).
9
What is the value of (7 - 4) + -1 + 1 + 1?
4
-13 + 23 - (12 - 8)
6
What is the value of (11 - (-1 + 3)) + -4?
5
2 - (3 - (2 - -2 - 3))
0
1 + -4 + -51 + 53
-1
What is 1 - -3 - 1 - 2?
1
What is the value of -9 + 0 - (-6 + -1)?
-2
-2 + 2 + -1 + -2 - -4
1
What is -10 + 4 + -3 + (-19 - -22)?
-6
8 - ((6 - 2) + 2)
2
What is the value of 0 + -1 + -2 - (6 - 1)?
-8
What is the value of (-3 - (-1 + 0)) + 0 - 1?
-3
What is the value of -10 + 12 + -7 - (-4 - -10)?
-11
Evaluate 1 + (-10 - (9 - 11)).
-7
What is -1 + (-5 - (-6 + 4)) + 1?
-3
-8 + (0 - (5 + -1) - -7)
-5
What is (3 - 2) + (-6 - 1 - -4)?
-2
Calculate 0 + (-4 - -7) - (-2 + 1).
4
Evaluate (8 - 0) + (3 - 14).
-3
Evaluate 4 + 4 + -14 + 9.
3
What is -2 + 4 - (-12 - -10)?
4
What is the value of -2 + (4 - -1) + -3 + 0?
0
What is 0 - (1 - 1 - (13 + -16))?
-3
What is the value of 1 + -3 + -1 + (-3 - -5)?
-1
Calculate -20 + 9 - ((1 - 1) + -5).
-6
-9 - -1 - (-13 + 4 + 5)
-4
(4 - -1) + (12 - 18)
-1
What is (-6 - -4) + (0 - 2)?
-4
What is the value of 1 - (1 + 7) - -1?
-6
Calculate -3 + 14 + -11 - (-2 + 4).
-2
What is -15 + (9 - (-4 + 7))?
-9
Calculate (-3 - (-1 + 0) - 0) + -3.
-5
What is 0 + -4 + -1 - -8?
3
What is the value of -2 - -9 - (8 + 2)?
-3
-4 - -5 - -1 - 0
2
What is the value of -3 + -3 + (12 - 6) + 3?
3
Calculate -4 + 3 + -1 + 6 + -2.
2
Evaluate (-2 - -4) + -5 + 4.
1
What is the value of (46 - 47) + -4 + 1 + 3?
-1
What is the value of -1 + 4 + -3 + 4 + 0?
4
What is the value of 1 + 4 - 16 - -6?
-5
What is -1 + 1 + -1 - 4?
-5
What is the value of -5 - (-93 - -93 - (12 + 1))?
8
What is the value of -2 - (-1 - (-3 + 4 + 1))?
1
Evaluate 0 + (-2 - 2) + -6 + 5.
-5
What is 2 - 2 - (-5 - -5) - -2?
2
Calculate -4 - 1 - (16 + -16 - 2).
-3
-22 + 35 - (5 - 3)
11
What is the value of 1 + 5 + (-6 - -1)?
1
Calculate -6 + -2 + (15 - 9) - -7.
5
Calculate 0 - (7 + -5 - (0 - 0)).
-2
What is -2 - (-2 - -2) - (1 + 1)?
-4
Evaluate -4 + 0 - (17 + -2 + -17).
-2
Calculate -12 + 4 + 1 - -2.
-5
Evaluate 4 + (-2 - 5) - (-5 + -2).
4
What is the value of (-1 - 5) + 8 + -7?
-5
Evaluate -8 - ((2 - 4) + 2) - -3.
-5
Calculate 3 - (9 - 5) - 4 - -5.
0
What is 6 + 2 + 3 + -12?
-1
Calculate 0 + -1 + 3 + 0 + 1.
3
What is 2 - (4 + (2 + -4 - 0))?
0
Evaluate (1 - 1) + -28 + 23.
-5
Evaluate 1 + 2 - (-2 - -11 - 1).
-5
Calculate 3 + -6 - (-5 - -1).
1
(21 - 17) + 1 + (-2 - 1)
2
What is 10 + 0 - 6 - 6?
-2
What is the value of -6 + (7 - 1) - (0 - -2)?
-2
Evaluate (22 - 21) + -2 + -3 + 2.
-2
Calculate 5 + 2 + (-17 - -9).
-1
What is the value of -3 + (-8 - (1 - 10))?
-2
-5 + (4 + 8 - 10)
-3
What is the value of 6 - 6 - 3 - -5?
2
Evaluate 11 + -5 + -2 + 2 + 1.
7
Calculate -2 + (-14 - -12) - 1.
-5
Calculate -1 + (1 - 1) - (-28 - -25).
2
What is 3 + (-6 + (-2 - -6) - 0)?
1
Evaluate 2 + (6 - (7 - 0)).
1
-6 + ((-3 - 10) + 6 - -3)
-10
What is -3 - (-6 + 5 + -3 + 0)?
1
8 - 8 - (-1 + 6) - -6
1
Calculate -7 + (7 - 12 - -12).
0
Calculate 3 - 0 - (-15 + -2 + 11).
9
What is the value of (-3 - (3 - (-5 + 11))) + 5?
5
Calculate -6 - (-9 - -7 - (1 + 3)).
0
Evaluate 4 - (2 + 4 + -6).
4
2 + 2 + (28 - 34)
-2
Calculate 2 + 7 + 7 + -13 + 2.
5
Calculate (-1 - -3) + -2 - (-4 + 1).
3
What is the value of 2 - (-4 - -6) - 0?
0
(3 - (6 + -10)) + -11
-4
-8 + (-2 - -5 - (-4 - -3))
-4
Calculate (-37 - -34) + (-1 - -4).
0
Calculate (12 - 2) + -1 + -8.
1
What is (2 - 1) + -6 + 8?
3
What is the value of (-4 - -4) + 9 - (-5 + 9)?
5
What is the value of 0 + (-18 - -25 - (3 - -1))?
3
What is the value of 0 - (1 + 3 + 2 + 3)?
-9
Evaluate -1 + -3 + 2 + (2 - 1).
-1
Evaluate -7 + 5 - (-2 - 5).
5
Calculate 13 + (-6 + 3 - 1) + -5.
4
What is 7 + -6 - (8 + 7 + -4)?
-10
(-6 - -6 - (-1 - 0)) + -5
-4
Evaluate 5 + (-5 - -11) - 2.
9
Evaluate 0 + 1 + -2 - -3.
2
What is -4 + 5 - -2 - (0 - 1)?
4
What is the value of (8 + 5 - 0) + -7?
6
What is the value of (2 - 2) + (-45 - -39)?
-6
Calculate 0 + 2 - (-4 + 1 - -3).
2
What is the value of 21 + -24 - (1 + -3 + 0)?
-1
Calculate -7 - (3 + -9 + -3 + 8).
-6
Evaluate -6 - (-6 - 6 - (-3 - 3)).
0
What is 16 + -6 + -9 - 5?
-4
0 + 4 - (-2 - (-7 - -2))
1
Evaluate -8 + 6 - (3 + -1 + -8).
4
What is the value of 1 + 1 + -5 + 3 - 5?
-5
Calculate -3 - 0 - (-1 + 1).
-3
What is 8 + -4 + -1 + -1?
2
What is the value of 1 - -4 - -2 - 8?
-1
Calculate (7 - 10) + 3 + -7 + 4.
-3
Calculate 6 + (-8 - (-5 + 4)).
-1
-40 + 42 - (6 - -1)
-5
What is the value of ((3 - 4) + 3 - -1) + -8?
-5
Calculate 10 + (-1 + 1 - (-17 + 22)).
5
(14 - 4) + 7 + -13 - -2
6
What is -2 + -3 + 1 + 7 + -1?
2
(5 - 3) + -4 - 1
-3
What is -6 + -2 + 6 - -2?
0
What is (1 - -2) + -2 - 3?
-2
(0 - -1) + -1 - -4
4
2 - (-2 + 4) - 0 - 0
0
What is -7 - (-4 - (-4 + 0))?
-7
What is the value of 2 - (-9 + -3 - -24)?
-10
Calculate 7 - (-3 + (2 - (5 + -8))).
5
Evaluate 5 + (-14 - (1 + -6)).
-4
What is the value of -16 + 7 + 8 - 2?
-3
What is -2 - (4 - 2) - 1?
-5
-7 + 9 + -11 - -6
-3
Calculate -3 - 0 - (-12 - (-2 + -2)).
5
Calculate -8 + -5 + 9 + (13 - 5).
4
Evaluate -9 - -8 - (1 + 2).
-4
9 - (7 + -1) - 6
-3
Evaluate 2 + (-6 - 1) + -1 + 1.
-5
What is 3 - -1 - 10 - -11?
5
What is the value of (55 - 52) + (-2 + 3 - 0)?
4
Evaluate -1 + 1 + 4 + -4.